(-18)/(-6)) is divided by m.
8
Let y = 92 - 85. Suppose y*t - 4*t - 9 = 0. What is the remainder when 35 is divided by t?
2
Let q(h) = -78*h**3 - 9*h**2 - 3*h - 21. What is the remainder when q(-4) is divided by 110?
109
Suppose 2*p + 27*n - 1440 = 23*n, 0 = -p + n + 732. Calculate the remainder when p is divided by 245.
238
Let s be (1*(-472)/12)/((-1)/(-6)). Let w = -214 - s. What is the remainder when (-1)/3 - (-1610)/15 is divided by w?
19
Calculate the remainder when 978 is divided by -6 - (-306)/(25 - 16).
26
Calculate the remainder when 395 is divided by (-29)/(-5) + ((-594)/45)/(-11).
3
Let r be (-23 - 7)*-9*4/(-30). Let x = r + 38. Calculate the remainder when 2 is divided by x.
0
Suppose d - 5*t - 35 = 0, 101*d - 147 = 99*d - t. What is the remainder when d is divided by 11?
4
Suppose 2*q + 25 - 371 = 0. Let s = q + -69. Calculate the remainder when s is divided by (-17)/((-68)/72) + 0.
14
Calculate the remainder when (-74)/(-80) - 16/20 - 3966/(-16) is divided by 13.
1
Suppose j = -5 + 9. Suppose -10*g + j*g = 534. Let f = -46 - g. What is the remainder when 214 is divided by f?
42
Let j(m) = -281*m - 289*m - 2*m**2 + 599*m + 87. Calculate the remainder when j(16) is divided by 5.
4
Let n be 13 + (1/(-4))/(6/(-24)). Suppose -12*h - 5*c = -n*h + 414, -3*c + 776 = 4*h. Calculate the remainder when h is divided by 9.
8
Suppose 0 = 5*f - 5*x - 930 - 3780, -5*f + 4774 = 3*x. Calculate the remainder when f is divided by 59.
6
Let o(x) be the first derivative of -2*x**3/3 + 39*x**2/2 - 40*x + 72. Calculate the remainder when 808 is divided by o(17).
43
Let d = 6057 + -4760. Calculate the remainder when d is divided by 25.
22
Suppose 3*i + 0*d = 3*d + 120, 5*d = 0. Suppose -139*n + 28181 = 7609. What is the remainder when n is divided by i?
28
Suppose 0 = 3*h - 119 - 1. Let p = 767 - 727. Suppose 1186 + 3534 = p*o. What is the remainder when o is divided by h?
38
Let k = 2259 + -2001. Calculate the remainder when k is divided by 15.
3
Suppose 0 = 6*i + 10 - 34. Suppose -5*a = -i*k + 109, 2*k + 10*a = 11*a + 53. Suppose -5*s + 423 = 48. What is the remainder when s is divided by k?
23
Let t = -430 - -55. Let y = t - -393. What is the remainder when 141 is divided by y?
15
Suppose 3*g = o + 62 + 141, 0 = g + 5*o - 73. Suppose 61*k - 56*k + 5*l = 1690, -3*k + 4*l + 1014 = 0. Calculate the remainder when k is divided by g.
66
Let q be 16/12 - (-2692)/6. Suppose -72*o + 67*o = -q. Calculate the remainder when o is divided by 13.
12
Let x = 135 + -167. Let s be (3/4)/(8 + 258/x). What is the remainder when 13/((-546)/s) + 318/14 is divided by 13?
10
Suppose -5*j - 3*s = -5*s - 126, 3*j - 78 = 2*s. What is the remainder when 2 + 21 - (-30 + j) is divided by 27?
2
Suppose -58 = -4*t - a + 8, 3*a + 23 = t. Suppose 2*d - 6 = h + t, 2*d + h = 13. Let s(q) = q**3 - q**2 - 5*q. What is the remainder when s(6) is divided by d?
6
Calculate the remainder when (-449)/(-11) + (33/(-132))/((-22)/16) is divided by 30.
11
Let b be (1/(-2))/((-1)/(-4)). Let a(t) = 2*t + 4. Let r be a(b). Suppose r = 4*p - 11 - 65. What is the remainder when p is divided by 13?
6
Let k = 8 + -10. Let l(q) = 8*q + 5. Let n be l(k). Let c = n + 25. What is the remainder when c is divided by 6?
2
Let k(x) = 109*x**2 - 7*x - 8. Let w be k(-2). Suppose -13*m - w = 520. Let f = m + 93. What is the remainder when 46 is divided by f?
8
Let n(q) = -q**2 - 14*q + 19. Calculate the remainder when 681 is divided by n(-13).
9
Let a = -86 + 163. What is the remainder when 990 is divided by a?
66
Let l(y) = 132*y + 203. Calculate the remainder when l(6) is divided by 331.
2
What is the remainder when (-3168)/240*(3 - (8 + 0)) is divided by 20?
6
Suppose c - 54 = -4*v, -2*c - 17 = -v - 4*c. Let i = -671 - -719. What is the remainder when i is divided by v?
9
Suppose 43 + 308 = -3*z. Let h = z + 203. Let t = 99 - 55. What is the remainder when h is divided by t?
42
Suppose 2*g + 2*g - 23 = -5*q, 4*q + 3*g - 19 = 0. Let t = -58 + 83. Calculate the remainder when q is divided by 40/t + (-6)/(-15).
1
Let v = 8543 + -8521. What is the remainder when 859 is divided by v?
1
Suppose 167 = -u - 4*d, -3*u = 4*d - 276 + 769. Let a = -157 - u. Calculate the remainder when 14/(-3)*(-9)/2 is divided by a.
3
Let g be ((-114)/(-14) - 8) + 1520/(-7). Let s = g - -296. Calculate the remainder when s is divided by 17.
11
Suppose -2*s - 5*k = -4*k - 11, -5*k = -s. Suppose 0 = s*w + w - 12. Suppose 0 = p - 4 - w. What is the remainder when 22 is divided by p?
4
Suppose 4*d - 58 - 20 = -2*k, 2*d - 97 = -3*k. Suppose k = o + 5*m - 52, 0 = 5*o + m - 405. Calculate the remainder when o is divided by 7.
4
Suppose 8*r - 12*r - 24 = 0, -4*h + 278 = r. Calculate the remainder when 1452 is divided by h.
32
Suppose 11*f + 40 = a + 10*f, -a + 4*f = -28. Suppose -882 = -4*d - t + 3*t, 4*d + 2*t = 870. What is the remainder when d is divided by a?
43
Let u(z) = 7*z - 69. Let p be u(8). Let y(q) = -2*q**2 - 23*q + 1. Let b be y(p). Let l = 56 + b. What is the remainder when l is divided by 4?
2
Let i be 8/((-72)/(-387))*(-1)/(-1). Let k(f) = -f**3 + 42*f**2 + 44*f + 83. What is the remainder when k(i) is divided by 32?
30
Let k = -751 + 775. What is the remainder when 164 is divided by k?
20
Let v = 9635 - 9621. Let d = -152 - -229. Suppose 0 = -2*p - 2*n + 130, 3*n + d = -0*p + p. Calculate the remainder when p is divided by v.
12
Suppose 0 = 21*t - 18*t - 6. Suppose l + t*l - 9 = -3*d, 3*d - 25 = -5*l. Suppose -3*o = -l - 40. What is the remainder when 44 is divided by o?
12
Let m(z) = 3*z**3 + 2*z**2 + 5*z - 5. Let d(n) = n**2 + n**3 - 2 + n + n + 0*n. Let p(w) = -10*d(w) + 4*m(w). Calculate the remainder when p(2) is divided by 3.
2
Suppose 0 = m - 5*z - 73, 4*z = 5*m - 49 - 211. Suppose 19631 = 717*u - 424*u. What is the remainder when u is divided by m?
19
Let w(q) = 8*q + 25. Let u(x) = x**2. Let d(t) = 2*u(t) + w(t). Let z be (26 - -4)/6*-1. Calculate the remainder when d(z) is divided by 19.
16
Suppose -48 = 3*w - w. Calculate the remainder when 38 is divided by (0 - w)*-10*4/(-80).
2
Suppose 2*j = -0*r + 2*r - 92, 4*r - 181 = 5*j. Let v be 11 + 406/(-35) + (-3347)/5. Let t = v - -683. What is the remainder when r is divided by t?
10
Let f = -1131 + 1228. What is the remainder when 591 is divided by f?
9
Let n(t) = t**2 + 96*t + 2021. What is the remainder when 194 is divided by n(-66)?
30
Let x = -82 - -14. Calculate the remainder when 21/42 + (-53)/(-2) is divided by x/(-7) + (-8)/(-28).
7
Let h = -2513 - -2817. Calculate the remainder when 840 is divided by h.
232
Suppose -316*s - 6 = -318*s. Suppose 0 = -3*n + 7*n + w - 19, -21 = -3*n - s*w. What is the remainder when 28 is divided by n?
0
Suppose 390 + 208 = 26*t. Suppose -3*n - 36 - 6 = -4*a, 12 = 2*a + 3*n. Let r = a - 0. Calculate the remainder when t is divided by r.
5
Suppose 3*o + 17*t = 425, 5*o - 249*t + 254*t - 825 = 0. Let a = -36 - -68. Calculate the remainder when o is divided by a.
10
Suppose 5*x - 4*q + 6 = 52, 49 = 5*x - q. Suppose 0 = 7*a - x*a - 27. Calculate the remainder when 63 is divided by (a + 17)*(1 - -1).
15
Let m = 507 - 503. Suppose m*v - 4*i - 250 = 2*v, 5*i = 3*v - 375. What is the remainder when v is divided by 42?
41
Let n be (-4)/(20/5)*(-2 + -2). Let y be (-3)/2 + ((-378)/n)/(-9). Suppose -4*d - y = -w, -4*d + 8 = -2*w + 30. What is the remainder when 25 is divided by w?
12
Let s = -883 - -883. Let z = -164 - -273. Suppose -4*i + z = -s*i + w, -5*i + 125 = -w. What is the remainder when 77 is divided by i?
25
Suppose -d = m + 5, -3*d - 49 = 2*d - 3*m. Let z = 21 + d. Calculate the remainder when 51 is divided by z.
12
Let t = 537 + -530. Suppose 838 = t*a - 394. What is the remainder when a is divided by 37?
28
Let q(j) = -j**2 + j + 43. Suppose 512*p - 514*p + 281 + 135 = 0. Calculate the remainder when p is divided by q(0).
36
Let k = 71 + -68. Suppose -x = 3*t + t, -3 = k*t. Suppose -b = x*p - 50, -4*p = 3*b - 7*b + 280. What is the remainder when b is divided by 23?
20
What is the remainder when 318 is divided by -4*4/64 + 202/8?
18
Suppose 16*f - 14*f - 332 = -2*j, 4*j - 3*f - 664 = 0. Let i = 237 - j. What is the remainder when i is divided by 384/21 + 2/(-7)?
17
Let s(v) = -24*v**3 - 2*v**2 - v + 1. Suppose 12*j + 28 - 11